{"id":3694,"date":"2026-02-09T15:12:58","date_gmt":"2026-02-09T14:12:58","guid":{"rendered":"https:\/\/akademiaosteopatii.pl\/sklep\/?post_type=product&#038;p=3694"},"modified":"2026-03-17T08:59:37","modified_gmt":"2026-03-17T07:59:37","slug":"anatomia-sekcyjna-glowa-i-szyja","status":"publish","type":"product","link":"https:\/\/akademiaosteopatii.pl\/sklep\/produkt\/anatomia-sekcyjna-glowa-i-szyja\/","title":{"rendered":"Anatomia sekcyjna: G\u0141OWA i SZYJA"},"content":{"rendered":"<p><b>Prowadz\u0105cy: <\/b>dr hab. n. med. prof. UZ Agnieszka Zi\u00f3\u0142kowska, dr Leszek Porowski, dr Agnieszka Kilanowska<br \/>\n<b><\/b><\/p>\n<p><b>Data: <\/b>27-28 sierpie\u0144 2026 r.<b><\/b><b><\/b><\/p>\n<p><strong>Gdzie:<\/strong> Pozna\u0144<\/p>\n<p><b>Master Cours przeznaczony dla:<\/b><\/p>\n<ul>\n<li>Absolwent\u00f3w Akademii Osteopatii,<\/li>\n<li>Absolwent\u00f3w innych szko\u0142y osteopatycznych<\/li>\n<li>Fizjoterapeut\u00f3w,<\/li>\n<li>Osteopat\u00f3w<\/li>\n<li>S\u0142uchacze szk\u00f3\u0142 osteopatycznych,<\/li>\n<li>Pozosta\u0142e zawody medyczne<\/li>\n<li>Student\u00f3w kierunk\u00f3w medycznych<\/li>\n<\/ul>\n<p><strong>Cena:<\/strong> 3000 z\u0142<\/p>\n<p>Warunkiem rezerwacji miejsca jest wp\u0142ata zaliczki w wysoko\u015bci 800 z\u0142.<\/p>\n<p>Decyduje kolejno\u015b\u0107 zg\u0142osze\u0144.<\/p>\n<p>S\u0142uchacze i absolwenci Akademii Osteopatii maj\u0105 pierwsze\u0144stwo zg\u0142osze\u0144.<\/p>\n","protected":false},"excerpt":{"rendered":"<p>Prowadz\u0105cy: dr hab. n. med. prof. UZ Agnieszka Zi\u00f3\u0142kowska, dr Leszek Porowski, dr Agnieszka Kilanowska Data: 27-28 sierpie\u0144 2026 r. Gdzie: Pozna\u0144 Master Cours przeznaczony dla: Absolwent\u00f3w Akademii Osteopatii, Absolwent\u00f3w innych szko\u0142y osteopatycznych Fizjoterapeut\u00f3w, Osteopat\u00f3w S\u0142uchacze szk\u00f3\u0142 osteopatycznych, Pozosta\u0142e zawody medyczne Student\u00f3w kierunk\u00f3w medycznych Cena: 3000 z\u0142 Warunkiem rezerwacji miejsca jest wp\u0142ata zaliczki w wysoko\u015bci [&hellip;]<\/p>\n","protected":false},"featured_media":3784,"template":"","meta":{"inline_featured_image":false},"product_brand":[],"product_cat":[41],"product_tag":[42],"class_list":{"0":"post-3694","1":"product","2":"type-product","3":"status-publish","4":"has-post-thumbnail","6":"product_cat-master-course","7":"product_tag-master","9":"first","10":"instock","11":"virtual","12":"taxable","13":"purchasable","14":"product-type-simple"},"_links":{"self":[{"href":"https:\/\/akademiaosteopatii.pl\/sklep\/wp-json\/wp\/v2\/product\/3694","targetHints":{"allow":["GET"]}}],"collection":[{"href":"https:\/\/akademiaosteopatii.pl\/sklep\/wp-json\/wp\/v2\/product"}],"about":[{"href":"https:\/\/akademiaosteopatii.pl\/sklep\/wp-json\/wp\/v2\/types\/product"}],"wp:featuredmedia":[{"embeddable":true,"href":"https:\/\/akademiaosteopatii.pl\/sklep\/wp-json\/wp\/v2\/media\/3784"}],"wp:attachment":[{"href":"https:\/\/akademiaosteopatii.pl\/sklep\/wp-json\/wp\/v2\/media?parent=3694"}],"wp:term":[{"taxonomy":"product_brand","embeddable":true,"href":"https:\/\/akademiaosteopatii.pl\/sklep\/wp-json\/wp\/v2\/product_brand?post=3694"},{"taxonomy":"product_cat","embeddable":true,"href":"https:\/\/akademiaosteopatii.pl\/sklep\/wp-json\/wp\/v2\/product_cat?post=3694"},{"taxonomy":"product_tag","embeddable":true,"href":"https:\/\/akademiaosteopatii.pl\/sklep\/wp-json\/wp\/v2\/product_tag?post=3694"}],"curies":[{"name":"wp","href":"https:\/\/api.w.org\/{rel}","templated":true}]}}