{"id":1770,"date":"2022-06-01T15:45:26","date_gmt":"2022-06-01T13:45:26","guid":{"rendered":"https:\/\/akademia-sklep.jellydev.pl\/produkt\/butelka-hotcool-z-logo\/"},"modified":"2024-10-09T12:10:27","modified_gmt":"2024-10-09T10:10:27","slug":"butelka-hotcool-z-logo","status":"publish","type":"product","link":"https:\/\/akademiaosteopatii.pl\/sklep\/produkt\/butelka-hotcool-z-logo\/","title":{"rendered":"Butelka hot&#038;cold"},"content":{"rendered":"<p><strong>Butelka termiczna z logo Akademii Osteopatii\u00a0<\/strong>to stylowy i funkcjonalny wyb\u00f3r dla os\u00f3b ceni\u0105cych ciep\u0142e i zimne napoje. Wyposa\u017cona w sk\u0142adany uchwyt, butelka posiada podw\u00f3jne \u015bcianki ze stali nierdzewnej, z pr\u00f3\u017cni\u0105 mi\u0119dzy \u015bciankami, co zapewnia doskona\u0142\u0105 izolacj\u0119 termiczn\u0105, utrzymuj\u0105c temperatur\u0119 napoj\u00f3w przez d\u0142ugi czas. B\u0142yszcz\u0105ce wyko\u0144czenie nadaje jej elegancki wygl\u0105d, a ozdobne pude\u0142ko czyni j\u0105 idealnym prezentem.<\/p>\n<p>Dzi\u0119ki klasie A +leakproof mo\u017cesz by\u0107 pewny, \u017ce nie przecieknie.<br \/>\nPojemno\u015b\u0107: 500 ml<\/p>\n<p style=\"text-align: left;\">\n","protected":false},"excerpt":{"rendered":"<p>Butelka termiczna z logo Akademii Osteopatii\u00a0to stylowy i funkcjonalny wyb\u00f3r dla os\u00f3b ceni\u0105cych ciep\u0142e i zimne napoje. Wyposa\u017cona w sk\u0142adany uchwyt, butelka posiada podw\u00f3jne \u015bcianki ze stali nierdzewnej, z pr\u00f3\u017cni\u0105 mi\u0119dzy \u015bciankami, co zapewnia doskona\u0142\u0105 izolacj\u0119 termiczn\u0105, utrzymuj\u0105c temperatur\u0119 napoj\u00f3w przez d\u0142ugi czas. B\u0142yszcz\u0105ce wyko\u0144czenie nadaje jej elegancki wygl\u0105d, a ozdobne pude\u0142ko czyni j\u0105 idealnym [&hellip;]<\/p>\n","protected":false},"featured_media":2371,"template":"","meta":{"inline_featured_image":false},"product_brand":[],"product_cat":[18],"product_tag":[],"class_list":{"0":"post-1770","1":"product","2":"type-product","3":"status-publish","4":"has-post-thumbnail","6":"product_cat-accesories","8":"first","9":"instock","10":"taxable","11":"shipping-taxable","12":"purchasable","13":"product-type-simple"},"_links":{"self":[{"href":"https:\/\/akademiaosteopatii.pl\/sklep\/wp-json\/wp\/v2\/product\/1770","targetHints":{"allow":["GET"]}}],"collection":[{"href":"https:\/\/akademiaosteopatii.pl\/sklep\/wp-json\/wp\/v2\/product"}],"about":[{"href":"https:\/\/akademiaosteopatii.pl\/sklep\/wp-json\/wp\/v2\/types\/product"}],"wp:featuredmedia":[{"embeddable":true,"href":"https:\/\/akademiaosteopatii.pl\/sklep\/wp-json\/wp\/v2\/media\/2371"}],"wp:attachment":[{"href":"https:\/\/akademiaosteopatii.pl\/sklep\/wp-json\/wp\/v2\/media?parent=1770"}],"wp:term":[{"taxonomy":"product_brand","embeddable":true,"href":"https:\/\/akademiaosteopatii.pl\/sklep\/wp-json\/wp\/v2\/product_brand?post=1770"},{"taxonomy":"product_cat","embeddable":true,"href":"https:\/\/akademiaosteopatii.pl\/sklep\/wp-json\/wp\/v2\/product_cat?post=1770"},{"taxonomy":"product_tag","embeddable":true,"href":"https:\/\/akademiaosteopatii.pl\/sklep\/wp-json\/wp\/v2\/product_tag?post=1770"}],"curies":[{"name":"wp","href":"https:\/\/api.w.org\/{rel}","templated":true}]}}