{"id":1769,"date":"2022-06-01T15:45:25","date_gmt":"2022-06-01T13:45:25","guid":{"rendered":"https:\/\/akademia-sklep.jellydev.pl\/produkt\/kubek-emblematy\/"},"modified":"2024-10-09T12:46:37","modified_gmt":"2024-10-09T10:46:37","slug":"kubek-emblematy","status":"publish","type":"product","link":"https:\/\/akademiaosteopatii.pl\/sklep\/produkt\/kubek-emblematy\/","title":{"rendered":"Kubek IKON"},"content":{"rendered":"<p><strong>Kubek ceramiczny z emblematami Akademii Osteopatii<\/strong>\u00a0to praktyczny i elegancki wyb\u00f3r do codziennego u\u017cytku. Wykonany z trwa\u0142ej ceramiki, odporny na mycie w zmywarce, co zapewnia wygod\u0119 w utrzymaniu czysto\u015bci. Produkt posiada niski \u015blad w\u0119glowy wynosz\u0105cy 1,32 kg CO2, co czyni go bardziej przyjaznym dla \u015brodowiska.<\/p>\n<p>Pojemno\u015b\u0107: 300 ml<br \/>\nMateria\u0142: Ceramika<\/p>\n","protected":false},"excerpt":{"rendered":"<p>Kubek ceramiczny z emblematami Akademii Osteopatii\u00a0to praktyczny i elegancki wyb\u00f3r do codziennego u\u017cytku. Wykonany z trwa\u0142ej ceramiki, odporny na mycie w zmywarce, co zapewnia wygod\u0119 w utrzymaniu czysto\u015bci. Produkt posiada niski \u015blad w\u0119glowy wynosz\u0105cy 1,32 kg CO2, co czyni go bardziej przyjaznym dla \u015brodowiska. Pojemno\u015b\u0107: 300 ml Materia\u0142: Ceramika<\/p>\n","protected":false},"featured_media":1873,"template":"","meta":{"inline_featured_image":false},"product_brand":[],"product_cat":[18],"product_tag":[],"class_list":{"0":"post-1769","1":"product","2":"type-product","3":"status-publish","4":"has-post-thumbnail","6":"product_cat-accesories","8":"first","9":"instock","10":"taxable","11":"shipping-taxable","12":"purchasable","13":"product-type-simple"},"_links":{"self":[{"href":"https:\/\/akademiaosteopatii.pl\/sklep\/wp-json\/wp\/v2\/product\/1769","targetHints":{"allow":["GET"]}}],"collection":[{"href":"https:\/\/akademiaosteopatii.pl\/sklep\/wp-json\/wp\/v2\/product"}],"about":[{"href":"https:\/\/akademiaosteopatii.pl\/sklep\/wp-json\/wp\/v2\/types\/product"}],"wp:featuredmedia":[{"embeddable":true,"href":"https:\/\/akademiaosteopatii.pl\/sklep\/wp-json\/wp\/v2\/media\/1873"}],"wp:attachment":[{"href":"https:\/\/akademiaosteopatii.pl\/sklep\/wp-json\/wp\/v2\/media?parent=1769"}],"wp:term":[{"taxonomy":"product_brand","embeddable":true,"href":"https:\/\/akademiaosteopatii.pl\/sklep\/wp-json\/wp\/v2\/product_brand?post=1769"},{"taxonomy":"product_cat","embeddable":true,"href":"https:\/\/akademiaosteopatii.pl\/sklep\/wp-json\/wp\/v2\/product_cat?post=1769"},{"taxonomy":"product_tag","embeddable":true,"href":"https:\/\/akademiaosteopatii.pl\/sklep\/wp-json\/wp\/v2\/product_tag?post=1769"}],"curies":[{"name":"wp","href":"https:\/\/api.w.org\/{rel}","templated":true}]}}