{"id":1762,"date":"2022-06-01T15:45:25","date_gmt":"2022-06-01T13:45:25","guid":{"rendered":"https:\/\/akademia-sklep.jellydev.pl\/produkt\/koszulka-meska-czarny-polo-logo\/"},"modified":"2024-12-13T09:26:18","modified_gmt":"2024-12-13T08:26:18","slug":"koszulka-meska-czarny-polo-logo","status":"publish","type":"product","link":"https:\/\/akademiaosteopatii.pl\/sklep\/produkt\/koszulka-meska-czarny-polo-logo\/","title":{"rendered":"Koszulka polo LOGO bia\u0142a\/czarna"},"content":{"rendered":"<p>M\u0119ska koszulka polo z kr\u00f3tkim r\u0119kawem, wykonana z wysokogatunkowej dzianiny pique. Klasyczny fason zapewnia elegancki wygl\u0105d, a materia\u0142 poddany praniu enzymatycznemu gwarantuje mi\u0119kko\u015b\u0107 i g\u0142adko\u015b\u0107. Wyko\u0144czenie silikonowe sprawia, \u017ce koszulka jest przyjemna w dotyku oraz charakteryzuje si\u0119 nisk\u0105 kurczliwo\u015bci\u0105. P\u0142aski ko\u0142nierz wykonany ze \u015bci\u0105gacza rib 1&#215;1 oraz ta\u015bmy wzmacniaj\u0105ce na ko\u0142nierzu i ramionach zwi\u0119kszaj\u0105 trwa\u0142o\u015b\u0107 szw\u00f3w. Boczne rozci\u0119cia wyko\u0144czone ta\u015bm\u0105 wzmacniaj\u0105c\u0105 od wewn\u0105trz oraz trzy guziki podkre\u015blaj\u0105 klasyczny styl. Podw\u00f3jne, g\u0119ste szwy, wykonane z najwy\u017cszej jako\u015bci nici, zapewniaj\u0105 trwa\u0142o\u015b\u0107 i wytrzyma\u0142o\u015b\u0107.<\/p>\n<p>Materia\u0142: 100% wysokogatunkowa bawe\u0142na czesana<\/p>\n<p>Gramatura: 180 g\/m\u00b2<\/p>\n","protected":false},"excerpt":{"rendered":"<table dir=\"ltr\" border=\"1\" cellspacing=\"0\" cellpadding=\"0\" data-sheets-root=\"1\" data-sheets-baot=\"1\">\n<colgroup>\n<col width=\"100\" \/>\n<col width=\"100\" \/>\n<col width=\"100\" \/>\n<col width=\"100\" \/>\n<col width=\"100\" \/>\n<col width=\"100\" \/><\/colgroup>\n<tbody>\n<tr>\n<td>Rozmiar<\/td>\n<td>S<\/td>\n<td>M<\/td>\n<td>L<\/td>\n<td>XL<\/td>\n<td>XXL<\/td>\n<\/tr>\n<tr>\n<td>Wzrost<\/td>\n<td>168<\/td>\n<td>176<\/td>\n<td>182<\/td>\n<td>185<\/td>\n<td>188<\/td>\n<\/tr>\n<tr>\n<td>Klatka piersiowa<\/td>\n<td>93<\/td>\n<td>99<\/td>\n<td>106<\/td>\n<td>113<\/td>\n<td>120<\/td>\n<\/tr>\n<\/tbody>\n<\/table>\n<p>*Podane wymiary dotycz\u0105 sylwetki, a nie produkt\u00f3w<\/p>\n","protected":false},"featured_media":2367,"template":"","meta":{"inline_featured_image":false},"product_brand":[],"product_cat":[17],"product_tag":[],"class_list":{"0":"post-1762","1":"product","2":"type-product","3":"status-publish","4":"has-post-thumbnail","6":"product_cat-men","8":"first","9":"instock","10":"taxable","11":"shipping-taxable","12":"purchasable","13":"product-type-variable","14":"has-default-attributes","15":"rtwpvg-product"},"_links":{"self":[{"href":"https:\/\/akademiaosteopatii.pl\/sklep\/wp-json\/wp\/v2\/product\/1762","targetHints":{"allow":["GET"]}}],"collection":[{"href":"https:\/\/akademiaosteopatii.pl\/sklep\/wp-json\/wp\/v2\/product"}],"about":[{"href":"https:\/\/akademiaosteopatii.pl\/sklep\/wp-json\/wp\/v2\/types\/product"}],"wp:featuredmedia":[{"embeddable":true,"href":"https:\/\/akademiaosteopatii.pl\/sklep\/wp-json\/wp\/v2\/media\/2367"}],"wp:attachment":[{"href":"https:\/\/akademiaosteopatii.pl\/sklep\/wp-json\/wp\/v2\/media?parent=1762"}],"wp:term":[{"taxonomy":"product_brand","embeddable":true,"href":"https:\/\/akademiaosteopatii.pl\/sklep\/wp-json\/wp\/v2\/product_brand?post=1762"},{"taxonomy":"product_cat","embeddable":true,"href":"https:\/\/akademiaosteopatii.pl\/sklep\/wp-json\/wp\/v2\/product_cat?post=1762"},{"taxonomy":"product_tag","embeddable":true,"href":"https:\/\/akademiaosteopatii.pl\/sklep\/wp-json\/wp\/v2\/product_tag?post=1762"}],"curies":[{"name":"wp","href":"https:\/\/api.w.org\/{rel}","templated":true}]}}