{"id":1759,"date":"2022-06-01T15:45:25","date_gmt":"2022-06-01T13:45:25","guid":{"rendered":"https:\/\/akademia-sklep.jellydev.pl\/produkt\/plecak-z-logo-akademii\/"},"modified":"2024-10-09T12:18:31","modified_gmt":"2024-10-09T10:18:31","slug":"plecak-z-logo-akademii","status":"publish","type":"product","link":"https:\/\/akademiaosteopatii.pl\/sklep\/produkt\/plecak-z-logo-akademii\/","title":{"rendered":"Plecak"},"content":{"rendered":"<p>Klasyczny plecak z przestronn\u0105 g\u0142\u00f3wn\u0105 przegrod\u0105 oraz praktyczn\u0105 przedni\u0105 kieszeni\u0105 zapinan\u0105 na zamek b\u0142yskawiczny. Wykonany z wytrzyma\u0142ego poliestru 600D, zapewniaj\u0105cego d\u0142ugotrwa\u0142e u\u017cytkowanie. Idealny na co dzie\u0144, do pracy lub szko\u0142y.<\/p>\n<p>Wymiary: 28 x 38 x 12 cm<br \/>\nMateria\u0142: Poliester 600D<\/p>\n","protected":false},"excerpt":{"rendered":"<p>Klasyczny plecak z przestronn\u0105 g\u0142\u00f3wn\u0105 przegrod\u0105 oraz praktyczn\u0105 przedni\u0105 kieszeni\u0105 zapinan\u0105 na zamek b\u0142yskawiczny. Wykonany z wytrzyma\u0142ego poliestru 600D, zapewniaj\u0105cego d\u0142ugotrwa\u0142e u\u017cytkowanie. Idealny na co dzie\u0144, do pracy lub szko\u0142y. Wymiary: 28 x 38 x 12 cm Materia\u0142: Poliester 600D<\/p>\n","protected":false},"featured_media":2374,"template":"","meta":{"inline_featured_image":false},"product_brand":[],"product_cat":[18],"product_tag":[],"class_list":{"0":"post-1759","1":"product","2":"type-product","3":"status-publish","4":"has-post-thumbnail","6":"product_cat-accesories","8":"first","9":"instock","10":"taxable","11":"shipping-taxable","12":"purchasable","13":"product-type-simple"},"_links":{"self":[{"href":"https:\/\/akademiaosteopatii.pl\/sklep\/wp-json\/wp\/v2\/product\/1759","targetHints":{"allow":["GET"]}}],"collection":[{"href":"https:\/\/akademiaosteopatii.pl\/sklep\/wp-json\/wp\/v2\/product"}],"about":[{"href":"https:\/\/akademiaosteopatii.pl\/sklep\/wp-json\/wp\/v2\/types\/product"}],"wp:featuredmedia":[{"embeddable":true,"href":"https:\/\/akademiaosteopatii.pl\/sklep\/wp-json\/wp\/v2\/media\/2374"}],"wp:attachment":[{"href":"https:\/\/akademiaosteopatii.pl\/sklep\/wp-json\/wp\/v2\/media?parent=1759"}],"wp:term":[{"taxonomy":"product_brand","embeddable":true,"href":"https:\/\/akademiaosteopatii.pl\/sklep\/wp-json\/wp\/v2\/product_brand?post=1759"},{"taxonomy":"product_cat","embeddable":true,"href":"https:\/\/akademiaosteopatii.pl\/sklep\/wp-json\/wp\/v2\/product_cat?post=1759"},{"taxonomy":"product_tag","embeddable":true,"href":"https:\/\/akademiaosteopatii.pl\/sklep\/wp-json\/wp\/v2\/product_tag?post=1759"}],"curies":[{"name":"wp","href":"https:\/\/api.w.org\/{rel}","templated":true}]}}