{"id":1757,"date":"2022-06-01T15:45:25","date_gmt":"2022-06-01T13:45:25","guid":{"rendered":"https:\/\/akademia-sklep.jellydev.pl\/produkt\/damska-koszula-emblematy\/"},"modified":"2024-10-10T13:00:04","modified_gmt":"2024-10-10T11:00:04","slug":"damska-koszula-emblematy","status":"publish","type":"product","link":"https:\/\/akademiaosteopatii.pl\/sklep\/produkt\/damska-koszula-emblematy\/","title":{"rendered":"Koszula IKON"},"content":{"rendered":"<p>Damska koszula wykonana z eleganckiej tkaniny oxford o taliowanym fasonie, kt\u00f3ry podkre\u015bla sylwetk\u0119. Usztywniony ko\u0142nierzyk ze st\u00f3jk\u0105 nadaje koszuli klasyczny wygl\u0105d, a kontrastowe wyko\u0144czenie materia\u0142em od wewn\u0105trz na ko\u0142nierzyku i mankietach dodaje jej stylu. Idealna na formalne okazje, zachowuje jednocze\u015bnie lekko\u015b\u0107 i wygod\u0119 dzi\u0119ki po\u0142\u0105czeniu bawe\u0142ny i poliestru.<\/p>\n<p>Materia\u0142: 70% bawe\u0142na, 30% poliester<\/p>\n<p>Gramatura: 130 g\/m\u00b2<\/p>\n","protected":false},"excerpt":{"rendered":"<table dir=\"ltr\" border=\"1\" cellspacing=\"0\" cellpadding=\"0\" data-sheets-root=\"1\" data-sheets-baot=\"1\">\n<colgroup>\n<col width=\"100\" \/>\n<col width=\"100\" \/>\n<col width=\"100\" \/>\n<col width=\"100\" \/>\n<col width=\"100\" \/>\n<col width=\"100\" \/>\n<col width=\"100\" \/><\/colgroup>\n<tbody>\n<tr>\n<td>Rozmiar<\/td>\n<td>XS<\/td>\n<td>S<\/td>\n<td>M<\/td>\n<td>L<\/td>\n<td>XL<\/td>\n<td>XXL<\/td>\n<\/tr>\n<tr>\n<td>Wzrost<\/td>\n<td>158<\/td>\n<td>164<\/td>\n<td>168<\/td>\n<td>172<\/td>\n<td>176<\/td>\n<td>176<\/td>\n<\/tr>\n<tr>\n<td>Klatka piersiowa<\/td>\n<td>84<\/td>\n<td>88<\/td>\n<td>92<\/td>\n<td>96<\/td>\n<td>100<\/td>\n<td>106<\/td>\n<\/tr>\n<\/tbody>\n<\/table>\n<p>*Podane wymiary dotycz\u0105 sylwetki, a nie produkt\u00f3w<\/p>\n","protected":false},"featured_media":2175,"template":"","meta":{"inline_featured_image":false},"product_brand":[],"product_cat":[16],"product_tag":[],"class_list":{"0":"post-1757","1":"product","2":"type-product","3":"status-publish","4":"has-post-thumbnail","6":"product_cat-women","8":"first","9":"instock","10":"taxable","11":"shipping-taxable","12":"purchasable","13":"product-type-variable","14":"has-default-attributes","15":"rtwpvg-product"},"_links":{"self":[{"href":"https:\/\/akademiaosteopatii.pl\/sklep\/wp-json\/wp\/v2\/product\/1757","targetHints":{"allow":["GET"]}}],"collection":[{"href":"https:\/\/akademiaosteopatii.pl\/sklep\/wp-json\/wp\/v2\/product"}],"about":[{"href":"https:\/\/akademiaosteopatii.pl\/sklep\/wp-json\/wp\/v2\/types\/product"}],"wp:featuredmedia":[{"embeddable":true,"href":"https:\/\/akademiaosteopatii.pl\/sklep\/wp-json\/wp\/v2\/media\/2175"}],"wp:attachment":[{"href":"https:\/\/akademiaosteopatii.pl\/sklep\/wp-json\/wp\/v2\/media?parent=1757"}],"wp:term":[{"taxonomy":"product_brand","embeddable":true,"href":"https:\/\/akademiaosteopatii.pl\/sklep\/wp-json\/wp\/v2\/product_brand?post=1757"},{"taxonomy":"product_cat","embeddable":true,"href":"https:\/\/akademiaosteopatii.pl\/sklep\/wp-json\/wp\/v2\/product_cat?post=1757"},{"taxonomy":"product_tag","embeddable":true,"href":"https:\/\/akademiaosteopatii.pl\/sklep\/wp-json\/wp\/v2\/product_tag?post=1757"}],"curies":[{"name":"wp","href":"https:\/\/api.w.org\/{rel}","templated":true}]}}